{"id":710,"date":"2026-03-23T21:49:50","date_gmt":"2026-03-24T02:49:50","guid":{"rendered":"https:\/\/cursoacaai.com\/?page_id=710"},"modified":"2026-03-30T21:14:12","modified_gmt":"2026-03-31T02:14:12","slug":"comite-organizador","status":"publish","type":"page","link":"https:\/\/cursoacaai.com\/index.php\/comite-organizador\/","title":{"rendered":"Comit\u00e9 organizador"},"content":{"rendered":"\t\t<div data-elementor-type=\"wp-page\" data-elementor-id=\"710\" class=\"elementor elementor-710\" data-elementor-settings=\"{&quot;ha_cmc_init_switcher&quot;:&quot;no&quot;}\">\n\t\t\t\t<div class=\"elementor-element elementor-element-f23705a e-flex e-con-boxed e-con e-parent\" data-id=\"f23705a\" data-element_type=\"container\" data-e-type=\"container\" data-settings=\"{&quot;background_background&quot;:&quot;video&quot;,&quot;background_video_link&quot;:&quot;https:\\\/\\\/youtu.be\\\/ZWxJt1Huz7U&quot;,&quot;_ha_eqh_enable&quot;:false}\">\n\t\t\t\t\t<div class=\"e-con-inner\">\n\t\t<div class=\"elementor-background-video-container elementor-hidden-mobile\">\n\t\t\t\t\t\t\t<div class=\"elementor-background-video-embed\" role=\"presentation\"><\/div>\n\t\t\t\t\t\t<\/div><div class=\"elementor-element elementor-element-ef081cb e-con-full e-flex e-con e-child\" data-id=\"ef081cb\" data-element_type=\"container\" data-e-type=\"container\" data-settings=\"{&quot;background_background&quot;:&quot;classic&quot;,&quot;_ha_eqh_enable&quot;:false}\">\n\t\t\t\t<div class=\"elementor-element elementor-element-65ad7c4 elementor-widget__width-initial elementor-widget elementor-widget-heading\" data-id=\"65ad7c4\" data-element_type=\"widget\" data-e-type=\"widget\" data-widget_type=\"heading.default\">\n\t\t\t\t\t<h1 class=\"elementor-heading-title elementor-size-default\">COMIT\u00c9 ORGANIZADOR<\/h1>\t\t\t\t<\/div>\n\t\t\t\t<div class=\"elementor-element elementor-element-42aaf04 elementor-widget elementor-widget-image\" data-id=\"42aaf04\" data-element_type=\"widget\" data-e-type=\"widget\" data-widget_type=\"image.default\">\n\t\t\t\t\t\t\t\t\t\t\t\t\t\t\t<img fetchpriority=\"high\" decoding=\"async\" width=\"695\" height=\"464\" src=\"https:\/\/cursoacaai.com\/wp-content\/uploads\/2026\/03\/Comite-organizador.jpg\" class=\"elementor-animation-grow attachment-large size-large wp-image-846\" alt=\"\" srcset=\"https:\/\/cursoacaai.com\/wp-content\/uploads\/2026\/03\/Comite-organizador.jpg 695w, https:\/\/cursoacaai.com\/wp-content\/uploads\/2026\/03\/Comite-organizador-300x200.jpg 300w\" sizes=\"(max-width: 695px) 100vw, 695px\" \/>\t\t\t\t\t\t\t\t\t\t\t\t\t\t\t<\/div>\n\t\t\t\t<\/div>\n\t\t\t\t\t<\/div>\n\t\t\t\t<\/div>\n\t\t<div class=\"elementor-element elementor-element-2788d84 e-flex e-con-boxed e-con e-parent\" data-id=\"2788d84\" data-element_type=\"container\" data-e-type=\"container\" data-settings=\"{&quot;_ha_eqh_enable&quot;:false}\">\n\t\t\t\t\t<div class=\"e-con-inner\">\n\t\t<div class=\"elementor-element elementor-element-59a01fe e-con-full e-flex e-con e-child\" data-id=\"59a01fe\" data-element_type=\"container\" data-e-type=\"container\" data-settings=\"{&quot;_ha_eqh_enable&quot;:false}\">\n\t\t\t\t<div class=\"elementor-element elementor-element-a99e1d4 elementor-widget elementor-widget-image\" data-id=\"a99e1d4\" data-element_type=\"widget\" data-e-type=\"widget\" data-widget_type=\"image.default\">\n\t\t\t\t\t\t\t\t\t\t\t\t\t\t\t<img decoding=\"async\" width=\"727\" height=\"885\" src=\"https:\/\/cursoacaai.com\/wp-content\/uploads\/2026\/03\/DRA.-MANUELA-OLAYA-HERNANDEZ.jpg\" class=\"elementor-animation-grow attachment-large size-large wp-image-874\" alt=\"\" srcset=\"https:\/\/cursoacaai.com\/wp-content\/uploads\/2026\/03\/DRA.-MANUELA-OLAYA-HERNANDEZ.jpg 727w, https:\/\/cursoacaai.com\/wp-content\/uploads\/2026\/03\/DRA.-MANUELA-OLAYA-HERNANDEZ-246x300.jpg 246w\" sizes=\"(max-width: 727px) 100vw, 727px\" \/>\t\t\t\t\t\t\t\t\t\t\t\t\t\t\t<\/div>\n\t\t\t\t<div class=\"elementor-element elementor-element-2c424f8 elementor-widget elementor-widget-heading\" data-id=\"2c424f8\" data-element_type=\"widget\" data-e-type=\"widget\" data-widget_type=\"heading.default\">\n\t\t\t\t\t<h3 class=\"elementor-heading-title elementor-size-default\">Dra. Manuela Olaya Hern\u00e1ndez<\/h3>\t\t\t\t<\/div>\n\t\t\t\t<div class=\"elementor-element elementor-element-3714b74 elementor-widget elementor-widget-text-editor\" data-id=\"3714b74\" data-element_type=\"widget\" data-e-type=\"widget\" data-widget_type=\"text-editor.default\">\n\t\t\t\t\t\t\t\t\t<p>PRESIDENTA ACAAI<\/p>\t\t\t\t\t\t\t\t<\/div>\n\t\t\t\t<\/div>\n\t\t<div class=\"elementor-element elementor-element-5750c84 e-con-full e-flex e-con e-child\" data-id=\"5750c84\" data-element_type=\"container\" data-e-type=\"container\" data-settings=\"{&quot;_ha_eqh_enable&quot;:false}\">\n\t\t\t\t<div class=\"elementor-element elementor-element-ab334ef elementor-widget elementor-widget-image\" data-id=\"ab334ef\" data-element_type=\"widget\" data-e-type=\"widget\" data-widget_type=\"image.default\">\n\t\t\t\t\t\t\t\t\t\t\t\t\t\t\t<img decoding=\"async\" width=\"726\" height=\"885\" src=\"https:\/\/cursoacaai.com\/wp-content\/uploads\/2026\/03\/DR.-CARLOS-DANIEL-SERRANO.jpg\" class=\"elementor-animation-grow attachment-large size-large wp-image-884\" alt=\"\" srcset=\"https:\/\/cursoacaai.com\/wp-content\/uploads\/2026\/03\/DR.-CARLOS-DANIEL-SERRANO.jpg 726w, https:\/\/cursoacaai.com\/wp-content\/uploads\/2026\/03\/DR.-CARLOS-DANIEL-SERRANO-246x300.jpg 246w\" sizes=\"(max-width: 726px) 100vw, 726px\" \/>\t\t\t\t\t\t\t\t\t\t\t\t\t\t\t<\/div>\n\t\t\t\t<div class=\"elementor-element elementor-element-4f0bd45 elementor-widget elementor-widget-heading\" data-id=\"4f0bd45\" data-element_type=\"widget\" data-e-type=\"widget\" data-widget_type=\"heading.default\">\n\t\t\t\t\t<h3 class=\"elementor-heading-title elementor-size-default\">Dr. Carlos Daniel <br>Serrano<\/h3>\t\t\t\t<\/div>\n\t\t\t\t<div class=\"elementor-element elementor-element-e98de05 elementor-widget elementor-widget-text-editor\" data-id=\"e98de05\" data-element_type=\"widget\" data-e-type=\"widget\" data-widget_type=\"text-editor.default\">\n\t\t\t\t\t\t\t\t\t<p>VICEPRESIDENTE<\/p>\t\t\t\t\t\t\t\t<\/div>\n\t\t\t\t<\/div>\n\t\t<div class=\"elementor-element elementor-element-fbdc940 e-con-full e-flex e-con e-child\" data-id=\"fbdc940\" data-element_type=\"container\" data-e-type=\"container\" data-settings=\"{&quot;_ha_eqh_enable&quot;:false}\">\n\t\t\t\t<div class=\"elementor-element elementor-element-9c7835a elementor-widget elementor-widget-image\" data-id=\"9c7835a\" data-element_type=\"widget\" data-e-type=\"widget\" data-widget_type=\"image.default\">\n\t\t\t\t\t\t\t\t\t\t\t\t\t\t\t<img loading=\"lazy\" decoding=\"async\" width=\"727\" height=\"887\" src=\"https:\/\/cursoacaai.com\/wp-content\/uploads\/2026\/03\/DR.-MAURICIO-SARRAZOLA.jpg\" class=\"elementor-animation-grow attachment-large size-large wp-image-891\" alt=\"\" srcset=\"https:\/\/cursoacaai.com\/wp-content\/uploads\/2026\/03\/DR.-MAURICIO-SARRAZOLA.jpg 727w, https:\/\/cursoacaai.com\/wp-content\/uploads\/2026\/03\/DR.-MAURICIO-SARRAZOLA-246x300.jpg 246w\" sizes=\"(max-width: 727px) 100vw, 727px\" \/>\t\t\t\t\t\t\t\t\t\t\t\t\t\t\t<\/div>\n\t\t\t\t<div class=\"elementor-element elementor-element-a5a0dca elementor-widget elementor-widget-heading\" data-id=\"a5a0dca\" data-element_type=\"widget\" data-e-type=\"widget\" data-widget_type=\"heading.default\">\n\t\t\t\t\t<h3 class=\"elementor-heading-title elementor-size-default\">Dr. Mauricio <br>Sarrazola<\/h3>\t\t\t\t<\/div>\n\t\t\t\t<div class=\"elementor-element elementor-element-5b1ed2f elementor-widget elementor-widget-text-editor\" data-id=\"5b1ed2f\" data-element_type=\"widget\" data-e-type=\"widget\" data-widget_type=\"text-editor.default\">\n\t\t\t\t\t\t\t\t\t<p>COMIT\u00c9 ACAD\u00c9MICO<\/p>\t\t\t\t\t\t\t\t<\/div>\n\t\t\t\t<\/div>\n\t\t<div class=\"elementor-element elementor-element-e745fd8 e-con-full e-flex e-con e-child\" data-id=\"e745fd8\" data-element_type=\"container\" data-e-type=\"container\" data-settings=\"{&quot;_ha_eqh_enable&quot;:false}\">\n\t\t\t\t<div class=\"elementor-element elementor-element-f6fa21e elementor-widget elementor-widget-image\" data-id=\"f6fa21e\" data-element_type=\"widget\" data-e-type=\"widget\" data-widget_type=\"image.default\">\n\t\t\t\t\t\t\t\t\t\t\t\t\t\t\t<img loading=\"lazy\" decoding=\"async\" width=\"727\" height=\"887\" src=\"https:\/\/cursoacaai.com\/wp-content\/uploads\/2026\/03\/DR.EDGARDO-CHAPMAN.jpg\" class=\"elementor-animation-grow attachment-large size-large wp-image-895\" alt=\"\" srcset=\"https:\/\/cursoacaai.com\/wp-content\/uploads\/2026\/03\/DR.EDGARDO-CHAPMAN.jpg 727w, https:\/\/cursoacaai.com\/wp-content\/uploads\/2026\/03\/DR.EDGARDO-CHAPMAN-246x300.jpg 246w\" sizes=\"(max-width: 727px) 100vw, 727px\" \/>\t\t\t\t\t\t\t\t\t\t\t\t\t\t\t<\/div>\n\t\t\t\t<div class=\"elementor-element elementor-element-6bda48c elementor-widget elementor-widget-heading\" data-id=\"6bda48c\" data-element_type=\"widget\" data-e-type=\"widget\" data-widget_type=\"heading.default\">\n\t\t\t\t\t<h3 class=\"elementor-heading-title elementor-size-default\">Dr. Edgardo <br>Chapman<\/h3>\t\t\t\t<\/div>\n\t\t\t\t<div class=\"elementor-element elementor-element-4a61113 elementor-widget elementor-widget-text-editor\" data-id=\"4a61113\" data-element_type=\"widget\" data-e-type=\"widget\" data-widget_type=\"text-editor.default\">\n\t\t\t\t\t\t\t\t\t<p>COMIT\u00c9 ACAD\u00c9MICO<\/p>\t\t\t\t\t\t\t\t<\/div>\n\t\t\t\t<\/div>\n\t\t<div class=\"elementor-element elementor-element-13092c4 e-con-full e-flex e-con e-child\" data-id=\"13092c4\" data-element_type=\"container\" data-e-type=\"container\" data-settings=\"{&quot;_ha_eqh_enable&quot;:false}\">\n\t\t\t\t<div class=\"elementor-element elementor-element-5de1586 elementor-widget elementor-widget-image\" data-id=\"5de1586\" data-element_type=\"widget\" data-e-type=\"widget\" data-widget_type=\"image.default\">\n\t\t\t\t\t\t\t\t\t\t\t\t\t\t\t<img loading=\"lazy\" decoding=\"async\" width=\"727\" height=\"887\" src=\"https:\/\/cursoacaai.com\/wp-content\/uploads\/2026\/03\/DRA.-MARIA-BEATRIZ-GARCIA.jpg\" class=\"elementor-animation-grow attachment-large size-large wp-image-905\" alt=\"\" srcset=\"https:\/\/cursoacaai.com\/wp-content\/uploads\/2026\/03\/DRA.-MARIA-BEATRIZ-GARCIA.jpg 727w, https:\/\/cursoacaai.com\/wp-content\/uploads\/2026\/03\/DRA.-MARIA-BEATRIZ-GARCIA-246x300.jpg 246w\" sizes=\"(max-width: 727px) 100vw, 727px\" \/>\t\t\t\t\t\t\t\t\t\t\t\t\t\t\t<\/div>\n\t\t\t\t<div class=\"elementor-element elementor-element-21d5e39 elementor-widget elementor-widget-heading\" data-id=\"21d5e39\" data-element_type=\"widget\" data-e-type=\"widget\" data-widget_type=\"heading.default\">\n\t\t\t\t\t<h3 class=\"elementor-heading-title elementor-size-default\">Dra. Mar\u00eda Beatriz <br>Garc\u00eda<\/h3>\t\t\t\t<\/div>\n\t\t\t\t<div class=\"elementor-element elementor-element-31f61f9 elementor-widget elementor-widget-text-editor\" data-id=\"31f61f9\" data-element_type=\"widget\" data-e-type=\"widget\" data-widget_type=\"text-editor.default\">\n\t\t\t\t\t\t\t\t\t<p>COMIT\u00c9 ACAD\u00c9MICO<\/p>\t\t\t\t\t\t\t\t<\/div>\n\t\t\t\t<\/div>\n\t\t<div class=\"elementor-element elementor-element-bd674ea e-con-full e-flex e-con e-child\" data-id=\"bd674ea\" data-element_type=\"container\" data-e-type=\"container\" data-settings=\"{&quot;_ha_eqh_enable&quot;:false}\">\n\t\t\t\t<div class=\"elementor-element elementor-element-86e08da elementor-widget elementor-widget-image\" data-id=\"86e08da\" data-element_type=\"widget\" data-e-type=\"widget\" data-widget_type=\"image.default\">\n\t\t\t\t\t\t\t\t\t\t\t\t\t\t\t<img loading=\"lazy\" decoding=\"async\" width=\"727\" height=\"887\" src=\"https:\/\/cursoacaai.com\/wp-content\/uploads\/2026\/03\/DR.-EDISON-MORALES.jpg\" class=\"elementor-animation-grow attachment-large size-large wp-image-909\" alt=\"\" srcset=\"https:\/\/cursoacaai.com\/wp-content\/uploads\/2026\/03\/DR.-EDISON-MORALES.jpg 727w, https:\/\/cursoacaai.com\/wp-content\/uploads\/2026\/03\/DR.-EDISON-MORALES-246x300.jpg 246w\" sizes=\"(max-width: 727px) 100vw, 727px\" \/>\t\t\t\t\t\t\t\t\t\t\t\t\t\t\t<\/div>\n\t\t\t\t<div class=\"elementor-element elementor-element-93e9efa elementor-widget elementor-widget-heading\" data-id=\"93e9efa\" data-element_type=\"widget\" data-e-type=\"widget\" data-widget_type=\"heading.default\">\n\t\t\t\t\t<h3 class=\"elementor-heading-title elementor-size-default\">Dr. Edison <br>Morales<\/h3>\t\t\t\t<\/div>\n\t\t\t\t<div class=\"elementor-element elementor-element-d8101bd elementor-widget elementor-widget-text-editor\" data-id=\"d8101bd\" data-element_type=\"widget\" data-e-type=\"widget\" data-widget_type=\"text-editor.default\">\n\t\t\t\t\t\t\t\t\t<p>TESORERO<\/p>\t\t\t\t\t\t\t\t<\/div>\n\t\t\t\t<\/div>\n\t\t\t\t\t<\/div>\n\t\t\t\t<\/div>\n\t\t<div class=\"elementor-element elementor-element-01ce751 e-flex e-con-boxed e-con e-parent\" data-id=\"01ce751\" data-element_type=\"container\" data-e-type=\"container\" data-settings=\"{&quot;background_background&quot;:&quot;classic&quot;,&quot;_ha_eqh_enable&quot;:false}\">\n\t\t\t\t\t<div class=\"e-con-inner\">\n\t\t\t\t<div class=\"elementor-element elementor-element-3b831e1 elementor-widget__width-initial elementor-widget elementor-widget-heading\" data-id=\"3b831e1\" data-element_type=\"widget\" data-e-type=\"widget\" data-widget_type=\"heading.default\">\n\t\t\t\t\t<h2 class=\"elementor-heading-title elementor-size-default\">ORGANIZA<\/h2>\t\t\t\t<\/div>\n\t\t\t\t<div class=\"elementor-element elementor-element-3b9e13b elementor-widget__width-initial elementor-widget-mobile__width-initial elementor-widget elementor-widget-image\" data-id=\"3b9e13b\" data-element_type=\"widget\" data-e-type=\"widget\" data-widget_type=\"image.default\">\n\t\t\t\t\t\t\t\t\t\t\t\t\t\t\t\t<a href=\"https:\/\/www.acaai.co\/\" target=\"_blank\">\n\t\t\t\t\t\t\t<img loading=\"lazy\" decoding=\"async\" width=\"800\" height=\"223\" src=\"https:\/\/cursoacaai.com\/wp-content\/uploads\/2026\/03\/Logo-ACAAI.png\" class=\"elementor-animation-grow attachment-large size-large wp-image-801\" alt=\"\" srcset=\"https:\/\/cursoacaai.com\/wp-content\/uploads\/2026\/03\/Logo-ACAAI.png 934w, https:\/\/cursoacaai.com\/wp-content\/uploads\/2026\/03\/Logo-ACAAI-300x84.png 300w, https:\/\/cursoacaai.com\/wp-content\/uploads\/2026\/03\/Logo-ACAAI-768x214.png 768w\" sizes=\"(max-width: 800px) 100vw, 800px\" \/>\t\t\t\t\t\t\t\t<\/a>\n\t\t\t\t\t\t\t\t\t\t\t\t\t\t\t<\/div>\n\t\t\t\t\t<\/div>\n\t\t\t\t<\/div>\n\t\t\t\t<\/div>\n\t\t","protected":false},"excerpt":{"rendered":"<p>COMIT\u00c9 ORGANIZADOR Dra. Manuela Olaya Hern\u00e1ndez PRESIDENTA ACAAI Dr. Carlos Daniel Serrano VICEPRESIDENTE Dr. Mauricio Sarrazola COMIT\u00c9 ACAD\u00c9MICO Dr. Edgardo Chapman COMIT\u00c9 ACAD\u00c9MICO Dra. Mar\u00eda Beatriz Garc\u00eda COMIT\u00c9 ACAD\u00c9MICO Dr. Edison Morales TESORERO ORGANIZA<\/p>\n","protected":false},"author":1,"featured_media":0,"parent":0,"menu_order":0,"comment_status":"closed","ping_status":"closed","template":"","meta":{"footnotes":""},"class_list":["post-710","page","type-page","status-publish","hentry"],"_links":{"self":[{"href":"https:\/\/cursoacaai.com\/index.php\/wp-json\/wp\/v2\/pages\/710","targetHints":{"allow":["GET"]}}],"collection":[{"href":"https:\/\/cursoacaai.com\/index.php\/wp-json\/wp\/v2\/pages"}],"about":[{"href":"https:\/\/cursoacaai.com\/index.php\/wp-json\/wp\/v2\/types\/page"}],"author":[{"embeddable":true,"href":"https:\/\/cursoacaai.com\/index.php\/wp-json\/wp\/v2\/users\/1"}],"replies":[{"embeddable":true,"href":"https:\/\/cursoacaai.com\/index.php\/wp-json\/wp\/v2\/comments?post=710"}],"version-history":[{"count":88,"href":"https:\/\/cursoacaai.com\/index.php\/wp-json\/wp\/v2\/pages\/710\/revisions"}],"predecessor-version":[{"id":1103,"href":"https:\/\/cursoacaai.com\/index.php\/wp-json\/wp\/v2\/pages\/710\/revisions\/1103"}],"wp:attachment":[{"href":"https:\/\/cursoacaai.com\/index.php\/wp-json\/wp\/v2\/media?parent=710"}],"curies":[{"name":"wp","href":"https:\/\/api.w.org\/{rel}","templated":true}]}}